292 + -142))
87
What is the value of 55 + (-14 - (-36 - 28))?
105
What is -776 + 781 + -1 + 2 + -3 + 3?
6
What is the value of -153 - (-114 + -56) - 88?
-71
What is 4 - (5 + 14 + -9 - 16 - -16)?
-6
Evaluate (6 - (22 - 8 - -51)) + 13 + (0 - 6).
-52
What is -12 - (1 + 34 + -3 + -1)?
-43
What is -25 - (1 - -33 - (-12 + 138))?
67
(143 - 1) + 10415 + -10497
60
Evaluate -30 + 513 + -416 + (-33 - -1).
35
Calculate -18 - (6 - (8 - (23 + -3))).
-36
Evaluate 23 - (23 - (24 + -21)) - (-3 + -53).
59
Evaluate -541 + 655 - (-2 + 54).
62
136 + -146 - (-52 - (-6 + 9))
45
What is -54 + 100 + (-93 - -26)?
-21
What is (82 - 128 - -52) + (2 - (1 - -38))?
-31
Calculate (-37 - -60 - 54) + -3.
-34
What is the value of 23 + (-162 + 6 - (-43 + 14))?
-104
What is the value of 104 + (4 - 3) + (-19 - -10) + (14 - 15)?
95
Calculate -19 + (5 - -5) - (2 + -9 - -73).
-75
Calculate 1656 + -1522 - (82 + 0).
52
Calculate (1 - -2) + 0 + -4020 + 4037.
20
What is 4771 - 4784 - ((1 - 15) + -4)?
5
What is 95 - (43 - 4 - (13 + 49))?
118
What is (1656 - 1694) + -3 + 39?
-2
Calculate -62 + (-44 - 13) + 12.
-107
(49 + -106 - 32) + 4 + 0
-85
(3 - 0) + (-13 - (-5 + -3) - (-13 + 10))
1
Calculate 5 + -9 + -6 + (84 - (5 + -3)).
72
Evaluate (65 - 90) + 25 + 83.
83
Evaluate (5 - 8) + 59 - (15 + -15 + 11).
45
-10 - (-151 + 34 + -2 + 22)
87
Evaluate 1 + (45 - 41 - (-2 + (-3 - -17))).
-7
Calculate ((-148 - -8) + 20 - -22) + 2.
-96
What is the value of (1 + 32 - 1) + 261 + -360?
-67
Calculate (-82 + -2 - (-5 + 13 - 12)) + -26 + 36.
-70
What is the value of 9 + 3 - (-58 + 15 + (-1 - (-6 - -10)))?
60
(-30 - -14) + 34 + 77 + -143
-48
What is -20 - -17 - 5 - (-89 - -1)?
80
What is the value of 36 - (5 + (41 - -20) - 33)?
3
What is the value of 103 - (10 + (33 + -18 - 10))?
88
What is 6 + -2 + 9 + 2 + -31 + 114?
98
What is the value of 9 + (17 - -17) + -50?
-7
Calculate (-6 - -14) + 29 + (37 + -7 - 23).
44
What is the value of (-22 + (-6 - -20) - 28) + 0 + -14?
-50
What is the value of (23 - (-42 + 90)) + 2 + -40?
-63
Evaluate 60 + (-5 - -13) - (-14 + 7 + -4 - -8).
71
What is -10 - (-1 + 6 - (5 - 5) - (20 - -24))?
29
What is -10 + (-80 - (19 - 12) - 0) + 20?
-77
Calculate -5 - -2 - ((-12 - 47) + -39).
95
What is 16 - (-7 + 139) - ((-17 - (-6 + 1)) + 5)?
-109
What is -28 + (-44 - (19 + -109))?
18
Calculate -15 - -9 - ((22 - -4) + -55 - 113).
136
What is the value of 20 + 53 + (22 - 33) - -17?
79
Calculate 44 - ((49 - 49) + -23 + 9).
58
What is the value of ((32 - 61) + -6 - 5) + 22?
-18
11 + 0 + 4 - ((7 - -1) + -6) - 65
-52
Evaluate -81 - (-11 - (47 + -5 - 30)).
-58
Evaluate (-13 - 3) + 32 - (112 + -29).
-67
-303 - -193 - (-57 + 5)
-58
What is the value of (42 - 18) + 17 + -85?
-44
46 - 115 - (-12 - -25 - 40)
-42
Calculate (4 - ((-6 - -1) + 6) - 5) + 95 + -23.
70
Evaluate -46 + 118 + (-45 - 19).
8
Evaluate -4 + (-21 - 23 - -42).
-6
-114 + 121 + (-4 - 0) - ((-1 - -5) + -30)
29
Calculate -22 - 0 - (19528 + -19643).
93
What is the value of (3 - (5 - (0 - -1))) + 403 + -396?
6
What is -34 - 18 - ((-4 - (-2 - 0)) + 11) - -11?
-50
Evaluate -10 + (3 - -2) + (18 - 36 - -5).
-18
What is -13 + (48 - (-11 - (-15 + 1))) - (0 + 1)?
31
What is (9847 - 10032) + (103 - 0)?
-82
Calculate -2 + (-10 - ((1 - -10) + -29)) - -3 - -11.
20
Calculate (49 - -2) + -71 - (3 + -4).
-19
What is the value of (-57 - (73 - 154)) + -6?
18
What is the value of (-100 - -149) + 4 + -53?
0
Evaluate 1 + -21 - ((-52 - 151) + 123).
60
What is -136 + -58 + (42 - -56)?
-96
Calculate -5 + (8 - (-13 - (-31 + -5 + -3)) - -8).
-15
Evaluate -1 + -37 + (-11 - (-180 - -171 - (7 + 1))).
-32
What is -5 + -33 + 43 + -84 - -29?
-50
What is the value of 42 - (34 + 3 + 55)?
-50
23 + (6 + -8 + 32 - 27)
26
What is -11 - ((2 - (-7 + 8) - 1) + 5 - -51)?
-67
Calculate -5 + 7 + 5 + -24 + 41 + (-7 - 0).
17
Calculate -3 - (92 + -51 + -25).
-19
What is 16 - (42 + (121 - 53))?
-94
What is (-109 - (-257 + 85)) + 27?
90
What is 3 - 15 - (-7 - (4 - -2 - 30))?
-29
Evaluate (-12 + 7 - 20 - (2 + -4)) + -21 + 12.
-32
What is 3 - ((-4 - -3) + -5) - (-33 + 30)?
12
22 + 24 + -87 - -38 - (-51 + (1 - 1))
48
Calculate -60 - -60 - ((-9 - (-9 - -4)) + 14 - -5).
-15
Calculate 11 + 0 - (4 + -15) - 72.
-50
Calculate ((-12 - -2) + 4 - -13) + 6 + -12.
1
What is the value of (25 - 2) + (-325 - -319) - (7 + -1)?
11
What is the value of -11 + (22 - (103 + -109))?
17
Evaluate 0 - -24 - (-12 + 25 + -26 - -2).
35
Calculate 3 + (2 - 2) + (6 - (-25 - 7)) + -63.
-22
Evaluate (-6 - -17 - 3 - (-127 - -145)) + 5 + 1.
-4
Calculate 1 + -14 + -7 + 2 + (-226 - -234) - 1.
-11
What is 1 - 13 - (-1 - 26) - 57?
-42
What is -68 + (4 - (-14 - -5) - 5 - (-49 + 47))?
-58
Evaluate 60 - ((20 - 6) + -45 + 39).
52
Calculate (0 - (-7 + -43)) + (20 - (47 + -10 + -11)).
44
Calculate 16 - -18 - ((-17 - -7 - -4) + -6).
46
What is -31 - 4 - 37 - 36 - 7?
-115
Calculate -2 - (-6 + -3) - (-1757 + 1708).
56
Evaluate -8 + 10 + -8 + -43 - -8 - (9 - 4).
-46
-2 - (-14 + -20 + -18 + -46) - (4 - 1)
93
What is the value of 47 - (125 - (83 + -41))?
-36
What is -46 + (2 - 12 - -19) + 4?
-33
What is 7 + 19 + -38 - 5 - -54?
37
Calculate -1 - (-10 - -1) - (-72 - (-4 + -7 + -126)).
-57
Evaluate 20 + 6 + (-10 - -8) + -33.
-9
Evaluate -5 + 1 - (3 - (-20 + 37)) - (-1 - 51).
62
Evaluate 0 + -41 + (-13 - (8 - 3)) + (-16 - -24).
-51
What is the value of -4 + 9 + -27 + 36 - 4?
10
What is -18 - (11 + 5 - (8 + 0) - 9)?
-17
What is -47 + 38 + (-10 - (9 - 24)) + -9?
-13
Evaluate 9 - (-5 - (-15 + 7 - (58 - 41))).
-11
What is the value of (0 + 33 - 20) + (-83 - -11 - (-2 - 1))?
-56
-59 + 65 + (-12 - 35) + (-1 - 2)
-44
What is (4 - -3) + (34 - -1) + -359 + 369?
52
What is the value of (10 - (-23 - -41)) + (10 - 4) + (0 - -36)?
34
What is the value of -5 + (-14 - -26) + -6 + -37?
-36
Evaluate 271 + -330 + (26 - -1).
-32
Evaluate (-10 - -2) + (93 + -31 + -58 - (0 + 104)).
-108
Evaluate 2 + -91 + 7 + 9 + 4 + 17.
-52
Evaluate 17 + 1 + (4403 - 4535).
-114
Evaluate (7 - (283 + -311)) + (5 - (-1 - 1)).
42
What is -38 + 47 + -91 + 55?
-27
Evaluate (-1 + -34 - (-1 + 2)) + (-19 - -10).
-45
-129 + (-104 - -228 - 60)
-65
Calculate (-5 - (4 + -3)) + (270 - 249).
15
What is (41 - (-24 - -56)) + (-1 - 8) + 141 + 2?
143
Calculate 1 + -5 + -8 + (57 - (-1 - (-11 + 10))).
45
Calculate (-10 - -20) + -69 - (-1 + 3) - (-4 + -5).
-52
(94 - (14 - 0)) + -86 + 72
66
What is the value of 2 - (-13 + (12 - (-1 + 1)) - (68 + 2))?
73
What is -25 + -5 + 55 + 1 + 5 - -18?
49
What is 3 + (-1 - 1) + (73 - 0) + (-425 - -414)?
63
Evaluate -7 + 5 + (24 - (-36 + 92 + -23)).
-11
What is (22 - 39) + -4 + 8 - (0 + -41)?
28
Calculate (-11 - -11) + (-1 + 0 - 68) - (-17262 + 17262).
-69
What is (198 - 285) + (39 - -9)?
-39
1 + -63 + (33 + 13 + -24 + 2 - 24)
-62
Evaluate -16 - -7 - (47 - 6 - 32).
-18
Calculate -1 - -12 - ((-5 - -21) + 13 + 17).
-35
(-358 - (230 + -477)) + 1 + 37
-73
Evaluate (-16 - (5 - -11 - 28)) + 1 - -72.
69
What is 0 + 4 + -10 + (-2 + (3 - -5) - 93)?
-93
What is -369 + 335 - (-34 + 3) - -65?
62
Evaluate 14 - (-13 - (-38 + 16)).
5
What is the value of (115 - (24 - (11 + -16 - -22))) + -21?
87
What is the value of 111 + -131 + 20 + 86?
86
What is -10 + (-23 - (42 + -46))?
-29
What is 0 + 316 + -304 + 2 + -17?
-3
(-9 - (4 - 20)) + -1 + 12 + (7 - 4)
21
Calculate (-1932 - -1902) + (3 - (0 + (2 - 1))).
-28
Calculate 35 - (235 + (-39 - -26) + -30).
-157
What is (0 - 1) + 16 + -4371 + 4376?
20
What is the value of 9 + (-12 - -1) + -19 + (-14 - -46)?
11
Calculate (-22 - (-18 + 35 + 0)) + (-13 - 0).
-52
What is the value of -258 - -232 - (-4 + -60)?
38
14 + (-12 + 9 + -60 + -5 - -8)
-46
15 + -80 + 56 - (-2 - (-1 + -1) - 31)
22
What is the value of 6 + -92 + -1375 + 1445?
-16
Evaluate (-20 + 24 + 13 - 6) + (41 + -2 - 2).
48
32 + -87 + 53 + (-2 - 11)
-15
Evaluate 0 - 24 - (-309 - -335).
-50
Evaluate -5 - 4 - (-4 - (2 + 9)).
6
What is (-13 + 1 - -22 - (-35 + 0)) + 12?
57
What is 8 + 60 + -17 - (0 + 3 + -3 + 1)?
50
Calculate 14 + -10 - 9 - (1 - (-12 + 64)).
46
What is 3 - (18 + -19 + 13 + 1)?
-10
What is 13 + -21 + 244 + -305?
-69
Calculate -49 + 0 + (-7228 - -7271).
-6
(-12 - -18) + (-46 - (-12 - 11))
-17
Evaluate (-1 + -7 + 13 - (67 - 3)) + (4 - 5).
-60
Evaluate 36 - (0 - (16 - (-4 + 2) - 11)).
43
What is (-7 + -10 + 16 + 10 - 4) + -26 + 2?
-19
Calculate -20 + (-24 - ((26 + -6 - -40